en s is divided by 8.
7
Let k = 53 + -27. What is the remainder when -10*7*k/(-65) is divided by 11?
6
Calculate the remainder when (4 - (4 - 101)) + -1 + -2 is divided by 26.
20
Let j(r) = 16*r + 1. Let k be j(2). Suppose 5*b = 167 + k. Let w(c) = 5*c - 11. Calculate the remainder when b is divided by w(5).
12
What is the remainder when 3/(-9)*(-17 + -640) is divided by 45?
39
Let m = 418 + -294. Suppose 11*j = 8 + m. What is the remainder when j is divided by 7?
5
Let c(u) = u**2 - 11*u - 8. Let z be c(12). Suppose z*d + 3*p = 52, 0 = d + p - 2 - 10. Calculate the remainder when 46 is divided by d.
14
Let j(s) = 2*s**2 - s - 5. Let n be j(3). Let k be (-2)/n + (-532)/(-10). Let b = k + -34. Calculate the remainder when b is divided by 7.
5
Let r = 920 - 906. Calculate the remainder when 30 is divided by r.
2
Suppose 5856*h - 336 = 5814*h. Let u = -12 - -17. Calculate the remainder when h is divided by u.
3
Suppose -31 = -2*j + 5*k + 105, 4*j - 272 = -2*k. Suppose -3*a + 4*d + j = 0, 32 = 2*a - 6*d + 10*d. Calculate the remainder when 59 is divided by a.
19
Suppose d - 2*d - 78 = 0. Let g = d - -117. What is the remainder when g is divided by 14?
11
Suppose b = -c + 14, 5*c - 43 = 3*c + b. Let w be 1/(27/15 - 2). Calculate the remainder when 278/5 - 2/w is divided by c.
18
Let u(n) = n**3 + 2*n**2 - 3*n + 3. Let i(r) = -r**3 - 10*r**2 - 9*r + 3. Let w be i(-9). Suppose -p + 3 = -11. What is the remainder when u(w) is divided by p?
11
Let a(j) = -2*j + 48. Let u be a(24). Let o(z) = -z**3 - z**2 + 9. Let d = 68 - 42. What is the remainder when d is divided by o(u)?
8
Let y = 68 + -16. Calculate the remainder when y is divided by 29.
23
Let c(z) = z**3 - z**2 - 24*z + 4. Calculate the remainder when 137 is divided by c(-4).
17
Suppose 0*c + 1 = -5*c - m, 5*c = 2*m + 2. Suppose c = 14*v - 7*v - 70. Calculate the remainder when v is divided by 6.
4
Let q = -1334 + 1417. Calculate the remainder when 199 is divided by q.
33
What is the remainder when 3*(-6)/(-9)*39/6 is divided by 1 - 1 - 0 - -3?
1
Suppose 8*c - 11*c + 18 = 0. Suppose 0 = -2*v - 4*q + 12, 4*v + 2*q = c*q + 60. Calculate the remainder when 23 is divided by v.
11
Suppose -19*f - 10*f + 2465 = 0. What is the remainder when f is divided by 41?
3
Let i(v) = 3*v**2 - 6*v - 6. Let a be i(7). Let q be -3 - ((-2 - 1) + 2). Calculate the remainder when 29 is divided by a/18*(0 - q).
7
Let f = 816 + -812. Suppose 12 = 3*k - 6. Calculate the remainder when k is divided by f.
2
Let s(g) = g**3 - 3*g**2 - 12*g + 53. What is the remainder when 169 is divided by s(5)?
40
Let g(d) = -10*d - 109. What is the remainder when 175 is divided by g(-12)?
10
Let b(c) = 16*c + 61. Calculate the remainder when 62 is divided by b(-3).
10
Suppose 2*t + 3*w - 37 = 50, 63 = 2*t - 5*w. Let x = -645 - -1215. Suppose -4*f = f - x. What is the remainder when f is divided by t?
36
Let w(o) = -10*o + 66. What is the remainder when w(-10) is divided by 6?
4
Suppose 3*x = -50 + 191. Suppose -3*g + 94 = -3*z + 34, -2*z + 8 = g. Calculate the remainder when x is divided by g.
15
Suppose -q - 5 = -9. Let s be ((-16)/(-28))/(q/14). Suppose 2*g + 4*l = 18, -s*g - 6 = -4*g + 2*l. What is the remainder when 14 is divided by g?
4
Let l(v) = -4*v**2 + 2*v + 16. Let p be l(5). Let b = p + 104. What is the remainder when (2/3)/(4/b) is divided by 4?
1
Let p be ((-22)/(-3))/(4/(-66)). Let z = p + -434. Calculate the remainder when (1 - 0)/((-15)/z) is divided by 10.
7
Suppose -7*y + 31 - 10 = 0. Suppose -y*t = 6*a - 5*a - 60, -2*t - 3*a = -47. Let m(i) = i**2 + 3*i - 4. What is the remainder when m(5) is divided by t?
17
What is the remainder when (246*(-5)/(-45))/((-2)/(-3)) is divided by 12?
5
Suppose -823*s + 802*s = -4956. Calculate the remainder when s is divided by 24.
20
Let u(w) = w**3 - 5*w**2 + 7*w + 1. Let d be u(3). Suppose 350 = d*p + 3*p. What is the remainder when p is divided by 14?
8
Suppose 17543 = -5*u + 17583. Suppose 3*o + z = 169 - 30, -2*o = -z - 86. What is the remainder when o is divided by u?
5
Let t(o) = -7*o**2 - 172*o + 51. Let y(a) = -a**3 + a**2 + 37. Calculate the remainder when t(-24) is divided by y(0).
36
Let k = 13930 - 13920. Let l(a) = a. Let n be l(-2). Let p = n + 9. Calculate the remainder when k is divided by p.
3
Let d(y) = y**3 - 5*y**2 + y - 2. Let b = -3708 - -3711. Calculate the remainder when d(5) is divided by b.
0
Let f be (-156)/(-40)*-42 - 2/10. Let i = f + 241. What is the remainder when i is divided by 10?
7
Suppose 15*q = 16*q - 288. Suppose 5*h - 227 = -3*a, -4*a + 0*a = 3*h - q. Calculate the remainder when a is divided by 14.
13
Let h = 431 + -140. What is the remainder when (-8)/20 + h/15 is divided by 5?
4
Suppose x + 206 = 2*x. What is the remainder when 117 is divided by ((-4)/8)/(x/(-68) - -3)?
15
Let b = -21 + -225. Suppose -x + 21 = -0*x. What is the remainder when b*-1*(-4)/(-12) is divided by x?
19
Let b(l) = 108*l - 191. Calculate the remainder when b(3) is divided by 63.
7
Suppose -2*x + 0*x + 38 = 0. Let b = -8 - -102. Let k = b + -40. What is the remainder when k is divided by x?
16
Let z(p) = -143*p - 559. What is the remainder when 544 is divided by z(-4)?
11
Suppose 273 - 417 = -8*o. Calculate the remainder when 971 is divided by o.
17
Suppose -7*o + 5*o = -3*w - 14, 0 = -o + w + 7. What is the remainder when 174 is divided by o?
6
Let s(u) = 2*u - 9*u + 1 + u. Suppose -222 = -3*l + 3. Calculate the remainder when l is divided by s(-3).
18
Let n = -625 - -654. What is the remainder when 811 is divided by n?
28
Let y(l) = -l**3 - 20*l**2 + 23*l + 92. What is the remainder when 248 is divided by y(-21)?
48
Suppose -8*n + 100 = -44. Calculate the remainder when 69 is divided by n.
15
Let f be (-1 - (3 - 7)) + 60. Let p = -4 - -16. Calculate the remainder when f/(-6) + 12 + (-178)/(-4) is divided by p.
10
Suppose 4*p + 3*n + 214 = 0, 4*p - 6*p - 2*n = 106. Let m = p - -63. Calculate the remainder when 37 is divided by m.
5
Let a be (3/(-6))/((-3)/(-36)). Calculate the remainder when -116*(-1 + (-3)/a) - -3 is divided by 21.
19
Let i(p) = 8*p - 33. Let o be i(7). Suppose o*w - 25*w = -8. What is the remainder when 15 is divided by w?
3
Let i(c) = -4*c + 34. Let l be i(8). What is the remainder when (1*l/4)/((-3)/(-36)) is divided by 2?
0
Let r be (45/(-12))/(9/(-48)). Let m = r - 7. What is the remainder when 51 is divided by m?
12
Suppose -62*s - 114 = -68*s. What is the remainder when 63 is divided by s?
6
What is the remainder when 16*3*14/21 is divided by 21?
11
Let j = 42 + 32. What is the remainder when j is divided by 22?
8
Suppose -909 = -16*b - 317. What is the remainder when b is divided by 23?
14
Let j(b) = -b**2 - b + 35. Let v be (-1 + 0 - 0)*6. Let n = v + 25. What is the remainder when j(0) is divided by n?
16
Let v(i) = -3*i**2 - 45*i + 10. Let g be v(-15). Suppose 3*n - 3*q - 15 = q, g = 2*n + 3*q. Calculate the remainder when 17 is divided by n.
2
Let j = 100 - 83. Let t(w) = -w + 26. What is the remainder when 23 is divided by t(j)?
5
Suppose -4*d + 0*d = -12. Let v be 1/(1/(12/d)). Suppose 5*q - v*m - 507 = -210, 5*m = -2*q + 132. What is the remainder when q is divided by 21?
19
Let z = 6 + 5. Let h = 1 + 2. Suppose 4*p + 26 = 5*k, 0*k - k = h*p - 9. Calculate the remainder when z is divided by k.
5
Suppose 5 = -h + 3. Let p = 14 - h. What is the remainder when 62 is divided by p?
14
Let h(k) = 21*k**2 + k + 7. What is the remainder when h(-2) is divided by 27?
8
Let m(u) = 6*u - 2. Let h(q) = 2 + 0 - 6*q - q**2 - 6*q + 1. Let c be h(-12). Calculate the remainder when 29 is divided by m(c).
13
Suppose a + 9 = x, 0*a = 4*x + a - 56. What is the remainder when 62 is divided by x?
10
Let l(z) = 2*z - 3. Let t be l(2). Suppose -3*g + 121 = t. Let n = -20 + 34. Calculate the remainder when g is divided by n.
12
Let c = 724 + -730. Let n(d) = 2*d - 2. Let y be n(6). Let f = c + y. What is the remainder when f is divided by 4?
0
Let b(u) = u**2 - 9*u + 13. Let z be b(11). Suppose 2*p + 5*p - z = 0. What is the remainder when p is divided by 3?
2
Let r be (2 - (-36)/10) + (-9)/15. Suppose r*n + 25 = 0, n + 150 = 5*f - 0*n. Calculate the remainder when 57 is divided by f.
28
Suppose b = 7 + 1. Suppose f - 4*k = 11 + b, -f = 2*k - 1. Calculate the 